t is -2 + -3bde?
-3be1
In base 16, what is -36b - 56?
-3c1
In base 13, what is -27bc4 + 5?
-27bbc
In base 3, what is 101111212 + -2022?
101102120
In base 7, what is -25 + 6413?
6355
In base 8, what is -1267 + 730?
-337
In base 8, what is 3 - -556411?
556414
In base 5, what is 30220 + -130?
30040
In base 11, what is 26187 + -24?
26163
In base 9, what is 256584 + 5?
256600
In base 4, what is -122012 + -221233?
-1003311
In base 11, what is -2aa6 - 46?
-3041
In base 14, what is 11 - -1c4?
1d5
In base 12, what is -52 + 1229?
1197
In base 4, what is -1203 + 11312?
10103
In base 2, what is 11011000110001110 + -100?
11011000110001010
In base 4, what is 30 + 23302?
23332
In base 16, what is -4 + -211c?
-2120
In base 3, what is -22 - -20210211112?
20210211020
In base 2, what is -1101000110 - 110111?
-1101111101
In base 2, what is -1010001000110111 + -101?
-1010001000111100
In base 4, what is 203211 - 31100?
112111
In base 11, what is -45 - -10284?
1023a
In base 2, what is 100 + -101010110110?
-101010110010
In base 9, what is 210123 + 10?
210133
In base 16, what is 2989 - 11?
2978
In base 7, what is 154 - -1464?
1651
In base 13, what is -4cb2 - -1?
-4cb1
In base 15, what is -d52 - a3?
-e05
In base 12, what is -1162 - -9?
-1155
In base 3, what is 1 - 121001221?
-121001220
In base 4, what is 12 + -2001323?
-2001311
In base 9, what is -272254 + 1?
-272253
In base 15, what is 5a0 + -8a?
515
In base 9, what is -167 - 84?
-262
In base 10, what is -592493 - 0?
-592493
In base 10, what is -5 + -543397?
-543402
In base 3, what is 11 - -10002221122122?
10002221122210
In base 4, what is -3311 + 203?
-3102
In base 3, what is 220112210021 - -110?
220112210201
In base 6, what is -5 + -31530331?
-31530340
In base 8, what is 45166 + -6?
45160
In base 9, what is -40 - -633?
583
In base 4, what is -1003220 + 21?
-1003133
In base 3, what is -10 - -21022202001?
21022201221
In base 7, what is 34264 + 3?
34300
In base 9, what is 1566608 + 4?
1566613
In base 10, what is 164 - -43?
207
In base 14, what is 34044 - -4?
34048
In base 13, what is -2 - 1c150?
-1c152
In base 5, what is 12 + -1031024?
-1031012
In base 16, what is b97 + 2?
b99
In base 16, what is 34aeb7 - -5?
34aebc
In base 10, what is 6145 - 232?
5913
In base 4, what is 11 + 22302?
22313
In base 4, what is -3 - -1033111231?
1033111222
In base 7, what is -22 - -30304?
30252
In base 2, what is -11 + -11101011010?
-11101011101
In base 6, what is 41134122 - -3?
41134125
In base 9, what is -1 + 142411?
142410
In base 2, what is 1 + 10100001111011?
10100001111100
In base 9, what is 27583 + 326?
28020
In base 2, what is 1100 + 1011000100010110?
1011000100100010
In base 7, what is 3663415 - -5?
3663423
In base 13, what is -184c + 279?
-15a3
In base 2, what is 10001100000 - -10011111?
10011111111
In base 5, what is 10 - 3200203?
-3200143
In base 10, what is -35326 + -5?
-35331
In base 7, what is 11 + -3500333?
-3500322
In base 15, what is 2 - -1b84?
1b86
In base 10, what is 8 - 56843?
-56835
In base 13, what is -a153 + 9?
-a147
In base 16, what is -d9ad - -2?
-d9ab
In base 9, what is -57055 + -2?
-57057
In base 6, what is -4 - -225500?
225452
In base 10, what is -17 - -10399?
10382
In base 10, what is -39 - -88830?
88791
In base 4, what is -1111 + -2311?
-10022
In base 16, what is 27c9 + 0?
27c9
In base 11, what is -38 - 157?
-194
In base 9, what is 53 - -530?
583
In base 12, what is 262 + -161?
101
In base 4, what is -10123213132 + 2?
-10123213130
In base 9, what is 68158 + 2?
68161
In base 2, what is 11111001101100100 - -101?
11111001101101001
In base 11, what is 206471 + 1?
206472
In base 16, what is -1435 - f?
-1444
In base 4, what is 213120 - 130?
212330
In base 4, what is 1001 + 112331?
113332
In base 9, what is 185 - -5441?
5636
In base 12, what is 1a8 - 221?
-35
In base 9, what is -3078264 - 1?
-3078265
In base 9, what is 457 - 47?
410
In base 6, what is 15 + -1143545?
-1143530
In base 6, what is -2250 - 4555?
-11245
In base 12, what is 61b31 - -5?
61b36
In base 13, what is 35 - -620a?
6242
In base 12, what is 4 - 1a4196?
-1a4192
In base 6, what is -5 - -14001300?
14001251
In base 2, what is -110000010010 + -110?
-110000011000
In base 11, what is -2 - 10547?
-10549
In base 13, what is -695 - 38?
-700
In base 12, what is 0 + 71936?
71936
In base 4, what is 30311 - -112?
31023
In base 5, what is 11014001 + 0?
11014001
In base 16, what is 2 + -364f?
-364d
In base 7, what is -66513 - 1041?
-100554
In base 4, what is 3 - -23011110?
23011113
In base 9, what is -4 + 1757305?
1757301
In base 13, what is -149447 - c?
-149456
In base 3, what is 12 - -10201121?
10201210
In base 5, what is 3110 + -20?
3040
In base 12, what is 1 - 5527?
-5526
In base 13, what is -a802 - 13?
-a815
In base 6, what is -1223114 - -4?
-1223110
In base 12, what is 11a + 28?
146
In base 14, what is 44a - 79?
3b1
In base 7, what is 0 - 41614?
-41614
In base 3, what is 1 - -202201220211?
202201220212
In base 5, what is 0 - 1342121?
-1342121
In base 5, what is 112312 - 240?
112022
In base 13, what is -12 + aa03?
a9c1
In base 2, what is -10101110110 + 1001011?
-10100101011
In base 12, what is 1b - 119?
-ba
In base 2, what is -111001100101111100 + -1?
-111001100101111101
In base 9, what is -2041 - 2081?
-4132
In base 15, what is -4 - -10241?
1023c
In base 6, what is -225311 - 15?
-225330
In base 10, what is 4530 - -147?
4677
In base 13, what is 0 - -2842?
2842
In base 3, what is -10 - 202200200?
-202200210
In base 12, what is -1924 + -19b?
-1b03
In base 11, what is -5806 + 1?
-5805
In base 7, what is -1251 + 40266?
36015
In base 15, what is -19 + 24e4?
24ca
In base 8, what is 4572 - 102?
4470
In base 6, what is -21 + 5355552?
5355531
In base 16, what is -42426 + 2?
-42424
In base 15, what is 3694 + -7?
368c
In base 10, what is 558662 + -3?
558659
In base 3, what is -11101 + 1000222?
212121
In base 7, what is 2 + -125056?
-125054
In base 7, what is 21 + 52536?
52560
In base 3, what is -2 + 2202212222?
2202212220
In base 8, what is -52617 + 16?
-52601
In base 5, what is -324 + -1441?
-2320
In base 12, what is -34 - -595?
561
In base 7, what is -130 + -2161?
-2321
In base 10, what is -6811 + 5?
-6806
In base 2, what is 1001010011100 + 11?
1001010011111
In base 11, what is -9 + 1168?
115a
In base 2, what is -11 - 100010100110110?
-100010100111001
In base 14, what is 3d9 - -213?
60c
In base 9, what is -20112 + -3?
-20115
In base 16, what is 7ea - 12?
7d8
In base 2, what is -101 + 11011000110101010?
11011000110100101
In base 13, what is 8 + 10944?
1094c
In base 3, what is 112011220 + -1100?
112010120
In base 8, what is 72 + -1334?
-1242
In base 9, what is -4 + 14117?
14113
In base 16, what is -1e819 + -27?
-1e840
In base 2, what is -10101000000111 + -101?
-10101000001100
In base 6, what is 2132 + -101052?
-54520
In base 16, what is 5 + -1f601?
-1f5fc
In base 3, what is 22 - 2100112?
-2100020
In base 5, what is -103231 + 23?
-103203
In base 15, what is 81d1 - 71?
8160
In base 12, what is 5 + -15b3?
-15aa
In base 7, what is 51006542 + -4?
51006535
In base 13, what is 7080 - -a0?
7150
In base 7, what is -312 + 6312?
6000
In base 12, what is 7 + 3551?
3558
In base 7, what is -1546201 - 21?
-1546222
In base 2, what is 10000 - -101101001?
101111001
In base 3, what is -11 + 11022202111?
11022202100
In base 9, what is -3 + -402533?
-402536
In base 10, what is 1 + 2490?
2491
In base 2, what is 10111 - -101001000000?
101001010111
In base 14, what is -180 + 868?
6c8
In base 11, what is 55 - -2a0?
345
In base 7, what is 2 + -5601?
-5566
In base 9, what is -25 + -8760?
-8785
In base 6, what is 1140 + -2053?
-513
In base 4, what is -13 - 1232101?
-1232120
In base 5, what is 1 - 10101003?
-10101002
In base 15, what is -11713 + -3?
-11716
In base 10, what is -54 - 66219?
-66273
In base 6, what is 322031 + -5?
322022
In base 2, what is 1000100010 - 1111011?
110100111
In base 4, what is 212332001 + -11?
212331330
In base 3, what is -111000 + -222?
-111222
In base 14, what is 148 - -b?
155
In base 4, what is -202130 - 1?
-202131
In base 12, what is 61765 - -5?
6176a
In base 13, what is 3c - -372?
3b1
In base 12, what is 4a74 - 4?
4a70
In base 6, what is -25 + 535231?
535202
In base 4, what is -10002 + -22201?
-32203
In base 5, what is -143 + 20122?
14424
In base 16, what is 9 + b